9 composite?
False
Is 23509231 prime?
False
Is 9449623 a composite number?
False
Is 289815223 a composite number?
False
Is 176957 prime?
False
Is 3442807 prime?
True
Is 4123343 prime?
False
Is 4282874 composite?
True
Is 1608859 a composite number?
True
Is 4814423 prime?
False
Is 88537093 prime?
False
Is 138029173 composite?
False
Is 472497307 composite?
False
Is 52702877 a prime number?
True
Is 1829771 prime?
True
Is 5460457 a prime number?
True
Is 16684687 a composite number?
False
Is 28642151 a composite number?
False
Is 19194713 a composite number?
False
Is 3253981 a composite number?
False
Is 13098877 a composite number?
True
Is 4305005 a prime number?
False
Is 4430093 a composite number?
False
Is 431336771 prime?
True
Is 3101653 a composite number?
False
Is 3193313 a prime number?
True
Is 5583727 composite?
False
Is 90303283 a prime number?
False
Is 680749 a prime number?
True
Is 1671277 a composite number?
False
Is 182003539 composite?
True
Is 27528779 prime?
True
Is 6261719 prime?
True
Is 1201141 a composite number?
False
Is 12880223 a prime number?
False
Is 25881691 a prime number?
False
Is 13514539 prime?
True
Is 192306655 prime?
False
Is 10080107 a composite number?
False
Is 107531 composite?
True
Is 207875513 prime?
True
Is 232787 a composite number?
True
Is 6872759 composite?
False
Is 157177141 a prime number?
False
Is 27825217 a composite number?
True
Is 195503197 a composite number?
True
Is 1552781 composite?
False
Is 1199483 composite?
True
Is 23887739 composite?
False
Is 40712387 a prime number?
False
Is 52637951 a prime number?
True
Is 23367391 a composite number?
False
Is 6494341 composite?
True
Is 15894577 a prime number?
True
Is 99807263 a composite number?
True
Is 256636777 composite?
True
Is 22760113 composite?
False
Is 419915 composite?
True
Is 4805627 composite?
True
Is 46820887 a composite number?
False
Is 60687223 a composite number?
True
Is 2954387 a composite number?
False
Is 721802 a prime number?
False
Is 14328787 prime?
False
Is 4658141 a prime number?
True
Is 49307 composite?
False
Is 20846438 a composite number?
True
Is 122443 a prime number?
True
Is 1513378751 a composite number?
False
Is 765403 prime?
False
Is 13077931 prime?
False
Is 42359809 prime?
True
Is 28481767 a prime number?
False
Is 8854231 prime?
True
Is 5676347 prime?
False
Is 407497 prime?
False
Is 3738923 a composite number?
False
Is 1671623 a composite number?
True
Is 4358539 composite?
False
Is 7389329 prime?
False
Is 6969581 prime?
False
Is 7122851 a prime number?
False
Is 35429939 a prime number?
True
Is 269889971 composite?
True
Is 20918441 a composite number?
False
Is 1011027137 a prime number?
False
Is 36030485 a prime number?
False
Is 1326873 prime?
False
Is 97117807 a composite number?
True
Is 15108979 a prime number?
True
Is 32115653 a composite number?
False
Is 2193929 composite?
False
Is 266983781 a composite number?
True
Is 10547461 a prime number?
True
Is 51117637 composite?
True
Is 62806657 composite?
False
Is 1058803 prime?
True
Is 1637543 composite?
True
Is 4631149 prime?
False
Is 2775389 composite?
False
Is 34292299 prime?
False
Is 38428399 composite?
False
Is 561585937 prime?
False
Is 269628869 composite?
False
Is 38879891 a prime number?
True
Is 3326073 a prime number?
False
Is 977147 prime?
True
Is 971473 a composite number?
False
Is 24750503 prime?
False
Is 119696539 a composite number?
False
Is 14459138 composite?
True
Is 698849 prime?
True
Is 4009721 a composite number?
False
Is 187021 a composite number?
True
Is 7080077 a prime number?
True
Is 6276103 a composite number?
True
Is 135563 a prime number?
False
Is 49967189 a composite number?
False
Is 31996537 composite?
False
Is 422479 a composite number?
False
Is 19264369 a composite number?
False
Is 31863847 prime?
False
Is 26881765 composite?
True
Is 5584531 prime?
False
Is 52437113 a prime number?
True
Is 5413147 prime?
True
Is 58781959 composite?
True
Is 3887882 a prime number?
False
Is 29121581 a prime number?
True
Is 155479447 composite?
True
Is 6756817 prime?
True
Is 1502323 composite?
False
Is 928501693 composite?
True
Is 23146199 a prime number?
False
Is 15269003 a prime number?
True
Is 920155 prime?
False
Is 6101507 prime?
True
Is 178831903 composite?
False
Is 194602967 a composite number?
True
Is 4892471 a composite number?
False
Is 38447821 composite?
True
Is 45583 a composite number?
True
Is 3895531 a prime number?
True
Is 71930389 prime?
True
Is 13486267 a composite number?
True
Is 76515149 composite?
True
Is 236620871 composite?
False
Is 6062641 prime?
False
Is 14228427 prime?
False
Is 965749 a prime number?
True
Is 19993381 a prime number?
True
Is 82589783 a prime number?
True
Is 63709351 a composite number?
False
Is 2546783 a composite number?
True
Is 1279949951 a composite number?
True
Is 66044047 composite?
True
Is 35346889 a prime number?
True
Is 123680743 a prime number?
True
Is 13249879 a prime number?
True
Is 37554481 a prime number?
True
Is 402474671 composite?
True
Is 54164111 a composite number?
False
Is 1081361 a prime number?
True
Is 135824201 a composite number?
False
Is 4079539 a composite number?
True
Is 78785197 composite?
False
Is 1958737 prime?
False
Is 244223443 a composite number?
True
Is 2720659 a prime number?
False
Is 99725993 a composite number?
True
Is 101503979 composite?
False
Is 922483 a prime number?
False
Is 21613217 prime?
False
Is 34870441 a composite number?
True
Is 2211995 a composite number?
True
Is 2002487 composite?
True
Is 1969861 a prime number?
False
Is 124684069 prime?
False
Is 194513309 composite?
False
Is 2046497 a prime number?
False
Is 44257849 prime?
False
Is 698329 composite?
False
Is 11459617 composite?
True
Is 15798751 a prime number?
False
Is 788399 composite?
False
Is 32590829 prime?
True
Is 12080011 a prime number?
False
Is 940118603 composite?
False
Is 92507137 a prime number?
True
Is 4437259 composite?
False
Is 33073697 a composite number?
False
Is 157142703 prime?
False
Is 2783213 a composite number?
False
Is 50148749 a composite number?
True
Is 5410259 a composite number?
False
Is 31077713 a composite number?
True
Is 21394507 composite?
True
Is 8169814 a prime number?
False
Is 39173087 a prime number?
True
Is 742229521 composite?
True
Is 344767 a prime number?
False
Is 145794833 a composite number?
False
Is 54856831 composite?
False
Is 118840349 composite?
False
Is 242605607 a prime number?
True
Is 10256641 a prime number?
False
Is 10407191 prime?
True
Is 688579 prime?
False
Is 1037198357 composite?
True
Is 31745837 a composite number?
False
Is 19992683 composite?
False
Is 80491819 composite?
False
Is 587779 prime?
False
Is 1353597701 a prime number?
True
Is 44298071 composite?
False
Is 54566023 a prime number?
False
Is 20714761 prime?
True
Is 66500303 prime?
True
Is 119437 prime?
False
Is 3340453 prime?
True
Is 1768147 a composite number?
True
Is 1901797 a composite number?
True
Is 16871405 composite?
True
Is 33149 prime?
True
Is 4874809 a prime number?
False
Is 264619673 a composite number?
False
Is 60791389 a prime number?
True
Is 255283898 a prime number?
False
Is 38769979 a prime number?
False
Is 1128163 a prime number?
False
Is 4418579 a prime number?
False
Is 1761143 composite?
True
Is 27955457 a prime number?
False
Is 2222153 a prime number?
False
Is 682579 composite?
True
Is 2809903 a prime number?
True
Is 1322853263 composite?
False
Is 4327889 composite?
True
Is 203557223 a prime number?
False
Is 4213787 a prime number?
False
Is 1179158 prime?
False
Is 2007539 composite?
False
Is 7442909 prime?
False
Is 5717653 prime?
True
Is 53951 composite?
False
Is 30626647 a prime number?
True
Is 14209583 a composite number?
False
Is 19674929 composite?
True
Is 9895139 composite?
True
Is 7172173 composite?
True
Is 64244981 prime?
False
Is 44545541 composite?
False
Is 371180419 a prime number?
True
Is 42203569 a composite number?
True
Is 1785097 a prime number?
True
Is 4660127 a prime number?
True
Is 21060527 composite?
True
Is 50733367 a prime number?
True
Is 22262854 a composite number?
True
Is 24685709 composite?
False
Is 5715313 a composite number?
True
Is 1311367 prime?
True
Is 958819 prime?
True
Is 604883 a composite number?
False
Is 41553199 a composite number?
True
Is 6519533 a prime number?
Fa